{"id":2,"date":"2022-05-29T14:58:44","date_gmt":"2022-05-29T12:58:44","guid":{"rendered":"https:\/\/www.markusreisen.de\/daenemark\/?page_id=2"},"modified":"2022-05-31T10:53:28","modified_gmt":"2022-05-31T08:53:28","slug":"beispiel-seite","status":"publish","type":"page","link":"https:\/\/www.markusreisen.de\/daenemark\/beispiel-seite\/","title":{"rendered":"Schaupl\u00e4tze \/ Reiseroute"},"content":{"rendered":"<p><script id=\"stepmap-embed-hFE1OKnIHI\" async type=\"text\/javascript\" src=\"https:\/\/www.stepmap.de\/embed\/hFE1OKnIHI\/?s=fooWtJ7Rk0\"><\/script><\/p>\n\n\n\n<p>Von M\u00fcnchen fahre ich mit dem Zug nach Kiel, von dort aus geht es mit dem Auto weiter nach J\u00fctland, in ein Ferienhaus an der Westk\u00fcste in der N\u00e4he der Kleinstadt Ringk\u00f8bing. Dort verbringe ich vom 4.-11. Juni eine Woche mit Familienmitgliedern zur (Nach-)Feier des 80. Geburtstags meiner Tante Anita. Am 11. Juni geht es dann mit dem Auto weiter nach Kopenhagen, wo ich nochmal eine Woche verbringe, diesmal alleine. Zur\u00fcck geht es am 18. Juni mit dem Flugzeug nach M\u00fcnchen.<\/p>\n","protected":false},"excerpt":{"rendered":"<p>Von M\u00fcnchen fahre ich mit dem Zug nach Kiel, von dort aus geht es mit dem Auto weiter nach J\u00fctland, in ein Ferienhaus an der Westk\u00fcste in der N\u00e4he der Kleinstadt Ringk\u00f8bing. Dort verbringe ich vom 4.-11. Juni eine Woche mit Familienmitgliedern zur (Nach-)Feier des 80. Geburtstags meiner Tante Anita. Am 11. Juni geht es&hellip; <a class=\"more-link\" href=\"https:\/\/www.markusreisen.de\/daenemark\/beispiel-seite\/\"><span class=\"screen-reader-text\">Schaupl\u00e4tze \/ Reiseroute<\/span> weiterlesen<\/a><\/p>\n","protected":false},"author":1,"featured_media":0,"parent":0,"menu_order":0,"comment_status":"closed","ping_status":"open","template":"","meta":{"footnotes":""},"class_list":["post-2","page","type-page","status-publish","hentry","entry"],"_links":{"self":[{"href":"https:\/\/www.markusreisen.de\/daenemark\/wp-json\/wp\/v2\/pages\/2","targetHints":{"allow":["GET"]}}],"collection":[{"href":"https:\/\/www.markusreisen.de\/daenemark\/wp-json\/wp\/v2\/pages"}],"about":[{"href":"https:\/\/www.markusreisen.de\/daenemark\/wp-json\/wp\/v2\/types\/page"}],"author":[{"embeddable":true,"href":"https:\/\/www.markusreisen.de\/daenemark\/wp-json\/wp\/v2\/users\/1"}],"replies":[{"embeddable":true,"href":"https:\/\/www.markusreisen.de\/daenemark\/wp-json\/wp\/v2\/comments?post=2"}],"version-history":[{"count":4,"href":"https:\/\/www.markusreisen.de\/daenemark\/wp-json\/wp\/v2\/pages\/2\/revisions"}],"predecessor-version":[{"id":17,"href":"https:\/\/www.markusreisen.de\/daenemark\/wp-json\/wp\/v2\/pages\/2\/revisions\/17"}],"wp:attachment":[{"href":"https:\/\/www.markusreisen.de\/daenemark\/wp-json\/wp\/v2\/media?parent=2"}],"curies":[{"name":"wp","href":"https:\/\/api.w.org\/{rel}","templated":true}]}}